{"id":164,"date":"2020-03-30T09:41:34","date_gmt":"2020-03-30T07:41:34","guid":{"rendered":"http:\/\/denis-frossard.ouvaton.org\/?page_id=164"},"modified":"2020-04-10T19:09:28","modified_gmt":"2020-04-10T17:09:28","slug":"biographie","status":"publish","type":"page","link":"http:\/\/denis-frossard.ouvaton.org\/index.php\/biographie\/","title":{"rendered":"Biographie"},"content":{"rendered":"\n<p><strong>   <\/strong>Chanteur guitariste dans le groupe occitan Larvath de 1975 \u00e0 1985, avec qui il enregistrera 5 albums. Titulaire du Dem, a obtenu le <strong>1er prix de guitare \u00e0 L\u2019Ecole Nationale de Musique de Mont-de-Marsan<\/strong> avec Louis-Paul Juan, et poursuivi sa formation avec <strong>Denis Abatte<\/strong>,  professeur au conservatoire de Tarbes. Passionn\u00e9 de musiques sud-am\u00e9ricaine et populaire en g\u00e9n\u00e9ral, il a \u00e0 son  actif plusieurs exp\u00e9riences de formations dans ce domaine, notamment  dans la musique instrumentale des Andes et la polyphonie argentine.  Apr\u00e8s plusieurs stages aupr\u00e8s de compositeurs concertistes comme <strong>J. Cardoso, Ricardo Moyano,  Ra\u00fal Maldonado ou Alberto Ponce<\/strong>, et parall\u00e8lement \u00e0 ses propres concerts, il a \u00e9galement voyag\u00e9 en Argentine o\u00f9 il a rencontr\u00e9 notamment <strong>le concertiste Carlos Martinez, et le directeur de la fondation Atahualpa Yupanqui, Roberto Chavero<\/strong>, qui ont reconnu son travail d\u2019interpr\u00e8te et l\u2019ont encourag\u00e9 \u00e0 poursuivre sur la voie de la composition et de l\u2019arrangement. <\/p>\n\n\n\n<figure class=\"wp-block-image\"><img decoding=\"async\" src=\"http:\/\/denisfrossard.free.fr\/images\/denisCD.jpg\" alt=\"CD\"\/><\/figure>\n\n\n\n<p>Il a r\u00e9alis\u00e9 deux <strong>CD<\/strong> avec des arrangements pour guitare des chansons <strong>d\u2019Atahualpa Yupanqui<\/strong>,  avec <em>Cuerdas del campo<\/em>, des arrangements des rythmes les plus populaires avec <em>Ritmos y bailes<\/em>, comprenant aussi des compositions personnelles, cd dont la parution a \u00e9t\u00e9  salu\u00e9e par les magazines <em>Espaces Latino<\/em>, <em>Trad Mag<\/em>, et <em>Guitarist  acousti<\/em>c.<\/p>\n\n\n\n<figure class=\"wp-block-image\"><img decoding=\"async\" src=\"http:\/\/denisfrossard.free.fr\/images\/Vrenhadas.jpg\" alt=\"CD\"\/><\/figure>\n\n\n\n<p>C\u00f4t\u00e9 musique occitane, il a particip\u00e9 \u00e0 cinq albums de cr\u00e9ation avec le groupe <strong>Larvath<\/strong>, et&nbsp; sur cinc autres albums, repris en tant qu\u2019arrangeur et musicien le r\u00e9pertoire traditionnel en solo, duo, et musique d&rsquo;ensemble, avec <strong>Joan-Franc\u00e9s Tisn\u00e8r<\/strong>, <strong>Brigada Menestr\u00e8rs<\/strong> ou <strong>Val\u00e9rie Chabanel<\/strong>.<br><br><strong>DISCOGRAPHIE<\/strong><br><strong>Chanson occitane&nbsp;<\/strong><br> <em>Un c\u00f2p ser\u00e1<\/em>, Larvath.&nbsp; <br> <em>Ist\u00f2ria au c\u00f2rn deu temps<\/em>, Larvath.&nbsp; <br> <em>Las annadas blancas<\/em>, Larvath.&nbsp; <br> <em>Au cap de la paciencia<\/em>, Larvath.&nbsp; <br> <em>Se canti<\/em>, Larvath.<\/p>\n\n\n\n<figure class=\"wp-block-image size-large is-resized\"><img loading=\"lazy\" decoding=\"async\" src=\"http:\/\/denis-frossard.ouvaton.org\/wp-content\/uploads\/2020\/03\/Jaquette3.jpg\" alt=\"\" class=\"wp-image-44\" width=\"155\" height=\"155\" srcset=\"http:\/\/denis-frossard.ouvaton.org\/wp-content\/uploads\/2020\/03\/Jaquette3.jpg 450w, http:\/\/denis-frossard.ouvaton.org\/wp-content\/uploads\/2020\/03\/Jaquette3-300x300.jpg 300w, http:\/\/denis-frossard.ouvaton.org\/wp-content\/uploads\/2020\/03\/Jaquette3-150x150.jpg 150w\" sizes=\"auto, (max-width: 155px) 100vw, 155px\" \/><\/figure>\n\n\n\n<p><strong>Musique traditionnelle occitane<\/strong><br> <em>Vrenhadas<\/em>, avec Joan-Franc\u00e9s Tisn\u00e8r, Christian Josu\u00e9, Marc Castan\u00e9, et Val\u00e9rie Chabanel.<br> <em>Transum\u00e0ncia <\/em>avec Brigada Menestr\u00e8rs (Marie-Claude Hourdebaigt, Beno\u00eet Larradet, Marc Castanet), Val\u00e9rie Chabanel, Christian Josu\u00e9, Emma Sancho Carpio, Eliseo Parra, Traderiderai,  et les musiciens des Menestr\u00e8rs Gascons. <\/p>\n\n\n\n<figure class=\"wp-block-image size-large is-resized\"><img loading=\"lazy\" decoding=\"async\" src=\"http:\/\/denis-frossard.ouvaton.org\/wp-content\/uploads\/2020\/04\/1\u00e8-de-couv-Caps\u00fas-1024x1024.jpg\" alt=\"\" class=\"wp-image-344\" width=\"165\" height=\"165\" srcset=\"http:\/\/denis-frossard.ouvaton.org\/wp-content\/uploads\/2020\/04\/1\u00e8-de-couv-Caps\u00fas-1024x1024.jpg 1024w, http:\/\/denis-frossard.ouvaton.org\/wp-content\/uploads\/2020\/04\/1\u00e8-de-couv-Caps\u00fas-300x300.jpg 300w, http:\/\/denis-frossard.ouvaton.org\/wp-content\/uploads\/2020\/04\/1\u00e8-de-couv-Caps\u00fas-150x150.jpg 150w, http:\/\/denis-frossard.ouvaton.org\/wp-content\/uploads\/2020\/04\/1\u00e8-de-couv-Caps\u00fas-768x768.jpg 768w, http:\/\/denis-frossard.ouvaton.org\/wp-content\/uploads\/2020\/04\/1\u00e8-de-couv-Caps\u00fas-1536x1536.jpg 1536w, http:\/\/denis-frossard.ouvaton.org\/wp-content\/uploads\/2020\/04\/1\u00e8-de-couv-Caps\u00fas-2048x2048.jpg 2048w\" sizes=\"auto, (max-width: 165px) 100vw, 165px\" \/><\/figure>\n\n\n\n<p><em>Vrenhadas Nav\u00e8ras<\/em>, avec Val\u00e9rie Chabanel.<br><em>Caps\u00fas<\/em> , avec Brigada Menestr\u00e8rs.<br><em>Sautejada<\/em>, avec Brigada Menestr\u00e8rs.<\/p>\n\n\n\n<figure class=\"wp-block-image size-large\"><img decoding=\"async\" src=\"http:\/\/denis-frossard.ouvaton.org\/wp-content\/uploads\/2020\/03\/ritmos1.png\" alt=\"\" class=\"wp-image-50\"\/><\/figure>\n\n\n\n<p><strong>Chanson argentine&nbsp; <\/strong><br> <em>Canciones del folklore argentino<\/em>, Vosicanto.<br> <em>Duendes<\/em>, avec le t\u00e9nor Ivan Alonso.&nbsp; <br><strong>Guitare&nbsp; <\/strong><br> <em>Cuerdas del Campo<\/em>, guitare argentine avec des arrangements de grandes chansons argentines&nbsp;(Atahualpa Yupanqui) et des compositions personnelles.&nbsp; <br> <em>Il faudrait r\u00e9agir<\/em>, arrangements et compositions en collaboration avec le club UNESCO d&rsquo;Argel\u00e8s- Gazost.&nbsp; <br> <em>Ritmos y Bailes<\/em>, guitare d\u2019Am\u00e9rique Latine, arrangements et  interpr\u00e9tations des rythmes les plus dans\u00e9s en Argentine et dans les  pays proches (pasillo d\u2019\u00e9quateur, polka du Paraguay, cueca, zamba,  chacarera&#8230;).<br><strong>Musique de film.<\/strong><br><em>Lo que me cont\u00f3 abuelito<\/em>, documentaire sur l&rsquo;\u00e9migration b\u00e9arnaise et argentine au d\u00e9but du<br> XX\u00e8 s., d\u2019Agn\u00e8s Lanusse et Dominique Gautier, avec Beno\u00eet Larrad\u00e9 (accord\u00e9on diatonique). &nbsp; <br><strong>ATELIERS, STAGES, CONCOURS.<\/strong>..&nbsp; <br><strong>&#8211;<\/strong> Stage de guitare latine, ateliers d&rsquo;improvisation, rythmes et technique instrumentale, avec&nbsp; Ricardo Moyano, Louis-Paul Juan, Denis Frossard, Ecole Nationale de Musique et de Danse des&nbsp; Landes.<br><strong>&#8211;<\/strong> Cr\u00e9ation au coll\u00e8ge Clermont (Pau), avec classes de 3\u00e8 et 4\u00e8.&nbsp; <br><strong>&#8211;<\/strong> \u00a0\u00bb R\u00e9v\u00e9lation de l&rsquo;ann\u00e9e \u00a0\u00bb 2006, cat\u00e9gorie \u00a0\u00bb Guitare classique \u00ab\u00a0, dans le magazine <em>Guitarist&nbsp;  acoustic<\/em>, pour le cd \u00ab\u00a0Cuerdas del Campo\u00a0\u00bb.&nbsp; <br><strong>&#8211;<\/strong> Invit\u00e9 par Michel Plisson, musicologue, sp\u00e9cialiste de l&rsquo;Am\u00e9rique Latine, \u00e0 la Maison de  l&rsquo;Am\u00e9rique Latine.&nbsp; <br><strong>&#8211;<\/strong> Participation \u00e0 l&rsquo;illustration musicale de \u00a0\u00bb La terrasse des festivals \u00ab\u00a0, France 2.&nbsp; <br><strong>&#8211;<\/strong> Collaboration \u00e0 la r\u00e9alisation d un CD (arrangements, composition) avec le club UNESCO du lyc\u00e9e d&rsquo;Argel\u00e8s-Gazost, dans le cadre des troisi\u00e8mes rencontres mondiales de la jeunesse pour la paix, \u00e0&nbsp; Toulouse avec le pianiste argentin Miguel Angel Estrella.&nbsp; <br><strong>&#8211;<\/strong> Laur\u00e9at du concours de musique \u00e0 danser de la H\u00e8sta de la dan\u00e7a \u00e0 Ledeuix, 1er &nbsp;prix en duo avec Christian Josu\u00e9, 2d prix en solo.<br><strong>&#8211;<\/strong> Atelier de chant pyr\u00e9n\u00e9en et gascon, Moncucq (46).<br><strong>&#8211;<\/strong> Ateliers de guitare \u00e0 danser \u00e0 Arzacq (64) et au grand bal de l&rsquo;Europe \u00e0 Gennetines (03).<br><strong>Contact05 <\/strong>59 71 05 91 \/ 60 85 81 24 01<br> <strong>Pages web<\/strong><br>www.menestrtersgascons.com<br>www.youtube.com\/results?search_query=Brigada+Menestr%C3%A8rs<br>www.facebook.com\/La.Brigada.Menestrers\/<\/p>\n\n\n\n<h3 class=\"wp-block-heading\">Pr\u00e9cisions importantes<\/h3>\n\n\n\n<p>Pour les chansons traditionnelles occitanes: Denis Frossard est seulement arrangeur de ces morceaux. <br>\nPour les chansons d&rsquo;Atahualpa Yupanqui adapt\u00e9es \u00e0 la guitare solo : <br>\n\u00ab Los Ejes de mi carreta \u00bb (Romildo Risso-Atahualpa Yupanqui, arr. D.F.). <br>\n\u00ab Juegos de ni\u00f1os \u00bb (D.F.)<br> \n\u00ab Punay \u00bb (Atahualpa Yupanqui, arr. D.F.). <br>\n\u00ab Para don Ata \u00bb (D.F.).<\/p>\n","protected":false},"excerpt":{"rendered":"<p>Chanteur guitariste dans le groupe occitan Larvath de 1975 \u00e0 1985, avec qui il enregistrera 5 albums. Titulaire du Dem, a obtenu le 1er prix de guitare \u00e0 L\u2019Ecole Nationale de Musique de Mont-de-Marsan avec Louis-Paul Juan, et poursuivi sa formation avec Denis Abatte, professeur au conservatoire de Tarbes. Passionn\u00e9 de musiques sud-am\u00e9ricaine et populaire en g\u00e9n\u00e9ral, il a \u00e0 son actif plusieurs exp\u00e9riences de formations dans ce domaine, notamment dans la musique instrumentale des Andes et la polyphonie argentine. [&hellip;]<\/p>\n","protected":false},"author":1,"featured_media":0,"parent":0,"menu_order":0,"comment_status":"closed","ping_status":"closed","template":"templates\/full-width-page.php","meta":{"footnotes":""},"class_list":["post-164","page","type-page","status-publish","hentry"],"yoast_head":"<!-- This site is optimized with the Yoast SEO plugin v27.4 - https:\/\/yoast.com\/product\/yoast-seo-wordpress\/ -->\n<title>Biographie - Denis FROSSARD<\/title>\n<meta name=\"robots\" content=\"index, follow, max-snippet:-1, max-image-preview:large, max-video-preview:-1\" \/>\n<link rel=\"canonical\" href=\"http:\/\/denis-frossard.ouvaton.org\/index.php\/biographie\/\" \/>\n<meta property=\"og:locale\" content=\"fr_FR\" \/>\n<meta property=\"og:type\" content=\"article\" \/>\n<meta property=\"og:title\" content=\"Biographie - Denis FROSSARD\" \/>\n<meta property=\"og:description\" content=\"Chanteur guitariste dans le groupe occitan Larvath de 1975 \u00e0 1985, avec qui il enregistrera 5 albums. Titulaire du Dem, a obtenu le 1er prix de guitare \u00e0 L\u2019Ecole Nationale de Musique de Mont-de-Marsan avec Louis-Paul Juan, et poursuivi sa formation avec Denis Abatte, professeur au conservatoire de Tarbes. Passionn\u00e9 de musiques sud-am\u00e9ricaine et populaire en g\u00e9n\u00e9ral, il a \u00e0 son actif plusieurs exp\u00e9riences de formations dans ce domaine, notamment dans la musique instrumentale des Andes et la polyphonie argentine. [&hellip;]\" \/>\n<meta property=\"og:url\" content=\"http:\/\/denis-frossard.ouvaton.org\/index.php\/biographie\/\" \/>\n<meta property=\"og:site_name\" content=\"Denis FROSSARD\" \/>\n<meta property=\"article:modified_time\" content=\"2020-04-10T17:09:28+00:00\" \/>\n<meta property=\"og:image\" content=\"http:\/\/denisfrossard.free.fr\/images\/denisCD.jpg\" \/>\n<meta name=\"twitter:card\" content=\"summary_large_image\" \/>\n<meta name=\"twitter:label1\" content=\"Dur\u00e9e de lecture estim\u00e9e\" \/>\n\t<meta name=\"twitter:data1\" content=\"4 minutes\" \/>\n<script type=\"application\/ld+json\" class=\"yoast-schema-graph\">{\"@context\":\"https:\\\/\\\/schema.org\",\"@graph\":[{\"@type\":\"WebPage\",\"@id\":\"http:\\\/\\\/denis-frossard.ouvaton.org\\\/index.php\\\/biographie\\\/\",\"url\":\"http:\\\/\\\/denis-frossard.ouvaton.org\\\/index.php\\\/biographie\\\/\",\"name\":\"Biographie - Denis FROSSARD\",\"isPartOf\":{\"@id\":\"http:\\\/\\\/denis-frossard.ouvaton.org\\\/#website\"},\"primaryImageOfPage\":{\"@id\":\"http:\\\/\\\/denis-frossard.ouvaton.org\\\/index.php\\\/biographie\\\/#primaryimage\"},\"image\":{\"@id\":\"http:\\\/\\\/denis-frossard.ouvaton.org\\\/index.php\\\/biographie\\\/#primaryimage\"},\"thumbnailUrl\":\"http:\\\/\\\/denisfrossard.free.fr\\\/images\\\/denisCD.jpg\",\"datePublished\":\"2020-03-30T07:41:34+00:00\",\"dateModified\":\"2020-04-10T17:09:28+00:00\",\"breadcrumb\":{\"@id\":\"http:\\\/\\\/denis-frossard.ouvaton.org\\\/index.php\\\/biographie\\\/#breadcrumb\"},\"inLanguage\":\"fr-FR\",\"potentialAction\":[{\"@type\":\"ReadAction\",\"target\":[\"http:\\\/\\\/denis-frossard.ouvaton.org\\\/index.php\\\/biographie\\\/\"]}]},{\"@type\":\"ImageObject\",\"inLanguage\":\"fr-FR\",\"@id\":\"http:\\\/\\\/denis-frossard.ouvaton.org\\\/index.php\\\/biographie\\\/#primaryimage\",\"url\":\"http:\\\/\\\/denisfrossard.free.fr\\\/images\\\/denisCD.jpg\",\"contentUrl\":\"http:\\\/\\\/denisfrossard.free.fr\\\/images\\\/denisCD.jpg\"},{\"@type\":\"BreadcrumbList\",\"@id\":\"http:\\\/\\\/denis-frossard.ouvaton.org\\\/index.php\\\/biographie\\\/#breadcrumb\",\"itemListElement\":[{\"@type\":\"ListItem\",\"position\":1,\"name\":\"Accueil\",\"item\":\"http:\\\/\\\/denis-frossard.ouvaton.org\\\/\"},{\"@type\":\"ListItem\",\"position\":2,\"name\":\"Biographie\"}]},{\"@type\":\"WebSite\",\"@id\":\"http:\\\/\\\/denis-frossard.ouvaton.org\\\/#website\",\"url\":\"http:\\\/\\\/denis-frossard.ouvaton.org\\\/\",\"name\":\"Denis FROSSARD\",\"description\":\"Guitare et Chant\",\"potentialAction\":[{\"@type\":\"SearchAction\",\"target\":{\"@type\":\"EntryPoint\",\"urlTemplate\":\"http:\\\/\\\/denis-frossard.ouvaton.org\\\/?s={search_term_string}\"},\"query-input\":{\"@type\":\"PropertyValueSpecification\",\"valueRequired\":true,\"valueName\":\"search_term_string\"}}],\"inLanguage\":\"fr-FR\"}]}<\/script>\n<!-- \/ Yoast SEO plugin. -->","yoast_head_json":{"title":"Biographie - Denis FROSSARD","robots":{"index":"index","follow":"follow","max-snippet":"max-snippet:-1","max-image-preview":"max-image-preview:large","max-video-preview":"max-video-preview:-1"},"canonical":"http:\/\/denis-frossard.ouvaton.org\/index.php\/biographie\/","og_locale":"fr_FR","og_type":"article","og_title":"Biographie - Denis FROSSARD","og_description":"Chanteur guitariste dans le groupe occitan Larvath de 1975 \u00e0 1985, avec qui il enregistrera 5 albums. Titulaire du Dem, a obtenu le 1er prix de guitare \u00e0 L\u2019Ecole Nationale de Musique de Mont-de-Marsan avec Louis-Paul Juan, et poursuivi sa formation avec Denis Abatte, professeur au conservatoire de Tarbes. Passionn\u00e9 de musiques sud-am\u00e9ricaine et populaire en g\u00e9n\u00e9ral, il a \u00e0 son actif plusieurs exp\u00e9riences de formations dans ce domaine, notamment dans la musique instrumentale des Andes et la polyphonie argentine. [&hellip;]","og_url":"http:\/\/denis-frossard.ouvaton.org\/index.php\/biographie\/","og_site_name":"Denis FROSSARD","article_modified_time":"2020-04-10T17:09:28+00:00","og_image":[{"url":"http:\/\/denisfrossard.free.fr\/images\/denisCD.jpg","type":"","width":"","height":""}],"twitter_card":"summary_large_image","twitter_misc":{"Dur\u00e9e de lecture estim\u00e9e":"4 minutes"},"schema":{"@context":"https:\/\/schema.org","@graph":[{"@type":"WebPage","@id":"http:\/\/denis-frossard.ouvaton.org\/index.php\/biographie\/","url":"http:\/\/denis-frossard.ouvaton.org\/index.php\/biographie\/","name":"Biographie - Denis FROSSARD","isPartOf":{"@id":"http:\/\/denis-frossard.ouvaton.org\/#website"},"primaryImageOfPage":{"@id":"http:\/\/denis-frossard.ouvaton.org\/index.php\/biographie\/#primaryimage"},"image":{"@id":"http:\/\/denis-frossard.ouvaton.org\/index.php\/biographie\/#primaryimage"},"thumbnailUrl":"http:\/\/denisfrossard.free.fr\/images\/denisCD.jpg","datePublished":"2020-03-30T07:41:34+00:00","dateModified":"2020-04-10T17:09:28+00:00","breadcrumb":{"@id":"http:\/\/denis-frossard.ouvaton.org\/index.php\/biographie\/#breadcrumb"},"inLanguage":"fr-FR","potentialAction":[{"@type":"ReadAction","target":["http:\/\/denis-frossard.ouvaton.org\/index.php\/biographie\/"]}]},{"@type":"ImageObject","inLanguage":"fr-FR","@id":"http:\/\/denis-frossard.ouvaton.org\/index.php\/biographie\/#primaryimage","url":"http:\/\/denisfrossard.free.fr\/images\/denisCD.jpg","contentUrl":"http:\/\/denisfrossard.free.fr\/images\/denisCD.jpg"},{"@type":"BreadcrumbList","@id":"http:\/\/denis-frossard.ouvaton.org\/index.php\/biographie\/#breadcrumb","itemListElement":[{"@type":"ListItem","position":1,"name":"Accueil","item":"http:\/\/denis-frossard.ouvaton.org\/"},{"@type":"ListItem","position":2,"name":"Biographie"}]},{"@type":"WebSite","@id":"http:\/\/denis-frossard.ouvaton.org\/#website","url":"http:\/\/denis-frossard.ouvaton.org\/","name":"Denis FROSSARD","description":"Guitare et Chant","potentialAction":[{"@type":"SearchAction","target":{"@type":"EntryPoint","urlTemplate":"http:\/\/denis-frossard.ouvaton.org\/?s={search_term_string}"},"query-input":{"@type":"PropertyValueSpecification","valueRequired":true,"valueName":"search_term_string"}}],"inLanguage":"fr-FR"}]}},"_links":{"self":[{"href":"http:\/\/denis-frossard.ouvaton.org\/index.php\/wp-json\/wp\/v2\/pages\/164","targetHints":{"allow":["GET"]}}],"collection":[{"href":"http:\/\/denis-frossard.ouvaton.org\/index.php\/wp-json\/wp\/v2\/pages"}],"about":[{"href":"http:\/\/denis-frossard.ouvaton.org\/index.php\/wp-json\/wp\/v2\/types\/page"}],"author":[{"embeddable":true,"href":"http:\/\/denis-frossard.ouvaton.org\/index.php\/wp-json\/wp\/v2\/users\/1"}],"replies":[{"embeddable":true,"href":"http:\/\/denis-frossard.ouvaton.org\/index.php\/wp-json\/wp\/v2\/comments?post=164"}],"version-history":[{"count":10,"href":"http:\/\/denis-frossard.ouvaton.org\/index.php\/wp-json\/wp\/v2\/pages\/164\/revisions"}],"predecessor-version":[{"id":355,"href":"http:\/\/denis-frossard.ouvaton.org\/index.php\/wp-json\/wp\/v2\/pages\/164\/revisions\/355"}],"wp:attachment":[{"href":"http:\/\/denis-frossard.ouvaton.org\/index.php\/wp-json\/wp\/v2\/media?parent=164"}],"curies":[{"name":"wp","href":"https:\/\/api.w.org\/{rel}","templated":true}]}}